et k be u(a). Suppose 2*w - 42 = -k*w. List the prime factors of w.
3, 7
Let f(s) = 14*s**2 - 3*s - 4. Suppose 11*c = 17*c + 12. What are the prime factors of f(c)?
2, 29
What are the prime factors of (2/2 + 0)/(89/87042)?
2, 3, 163
Let d(l) = -3 - 3 + 7 - 3. Let t(x) = x - 5. Let q(w) = 7*d(w) - 3*t(w). What are the prime factors of q(-10)?
31
Suppose 0 = -0*y - y + 28. Suppose 2*q = 78 + y. List the prime factors of q.
53
Let n(r) = r**2 - 23*r + 123. List the prime factors of n(22).
101
Let o = -36 - -39. Suppose 0 = -o*b + 90 + 12. List the prime factors of b.
2, 17
Let g(p) = -p**3 - 6*p**2 - 6*p - 3. Let n be g(-5). Suppose -3*c = 9, -n*c + 26 = d - 33. List the prime factors of d.
5, 13
Suppose 66*b - 24671 = -5597. What are the prime factors of b?
17
Let k(z) = -23*z - 137. Let b be k(-8). Let f be (-2)/(-3) + 16/3. Let c = b - f. What are the prime factors of c?
41
Let y = -41 - -49. Suppose -y*p + 39 = -681. List the prime factors of p.
2, 3, 5
Let k(t) = 19*t + 527. List the prime factors of k(38).
1249
Suppose -14*h = -7*h - 483. Let s = 10 + h. What are the prime factors of s?
79
Suppose -16 = 2*a - 6*a. List the prime factors of 0/(-1) + (92 - a) + 3.
7, 13
Suppose -3*s + 76 + 119 = 5*p, -4*s = p - 56. Suppose -4 = -f + p. List the prime factors of f.
2, 5
Let b(h) = -60*h - 6 + 16 - 7 + 0. What are the prime factors of b(-2)?
3, 41
Let z = 352 - 250. Let r = z - 51. What are the prime factors of r?
3, 17
List the prime factors of ((-4)/3)/(1842/(-612) + 3).
2, 17
List the prime factors of 1*27/9 - -3631.
2, 23, 79
Let f = 251 - -23. List the prime factors of f.
2, 137
Let s(m) be the second derivative of m**5/20 - m**4/2 + m**3 + 2*m**2 + m. Let d = -41 - -47. List the prime factors of s(d).
2, 5
Let s = -56 + 65. Suppose 5*z + 504 = s*z. What are the prime factors of z?
2, 3, 7
Suppose t = 4*t. Suppose -9*v + 6*v + 159 = t. What are the prime factors of v?
53
What are the prime factors of ((-2370)/4 - -7)*-2?
1171
Let q = 1342 + -291. List the prime factors of q.
1051
Let j(o) = 13*o - 11. Let w be j(2). What are the prime factors of -14*(w/5 + -15)?
2, 3, 7
Let b be -1104*(1 - 5/3). Suppose 0 = 5*k - 509 - b. What are the prime factors of k/4 + 3/4?
3, 7
Let p be (12/5)/((-2)/(-5)). Let y(i) = -i + 8. Let m be y(p). Suppose -2*c - 49 = -3*r + 85, 0 = m*r - 3*c - 91. What are the prime factors of r?
2, 11
Let z = -8 - -10. Suppose z*m = -3*u - 2*u + 152, 5*u - 168 = 2*m. Suppose -f - j + 6 = 0, -4*f + 3*j = 5*j - u. What are the prime factors of f?
2, 5
Suppose -5*n = 2*c - 390 + 128, -5*c = -5*n - 725. List the prime factors of c.
3, 47
Let y = -13 - -18. Suppose y*r = 4*r - 7. Let z = r - -45. List the prime factors of z.
2, 19
Suppose 0 = -5*z + 3*t + 25352, -22*z - 4*t - 10152 = -24*z. List the prime factors of z.
2, 7, 181
Let t = -43 - -22. What are the prime factors of 124/6 + (-28)/t?
2, 11
Suppose 3*y + 3*p = -15, -y + 6*y + 33 = -p. Let i = -7 - y. Suppose i = u - 29 + 12. List the prime factors of u.
17
What are the prime factors of 3/3 + -4 - (-568 - -5)?
2, 5, 7
Suppose -5*s + 9*s - 24 = 0. Suppose -s*l - 110 = -11*l. List the prime factors of l.
2, 11
Suppose -4053 + 17866 = 19*z. What are the prime factors of z?
727
Suppose -5*y + 660 = 5*t, y - 5*t + t = 112. List the prime factors of y.
2
Let h be (-3)/4 + (-5)/(-40)*1166. Suppose 147 = 2*x - h. List the prime factors of x.
2, 73
Let l be 28/1 + 1 + 1. Let o be (-1 - 5)*1*(-56)/(-16). Let d = l + o. List the prime factors of d.
3
Suppose 1100 = -272*t + 274*t. What are the prime factors of t?
2, 5, 11
Suppose -i + 763 - 4 = -2*q, -q = 5*i - 3751. List the prime factors of i.
751
Let o = -32 + 37. Suppose 3*r = 2*j + 2*j - 33, 32 = 3*j + o*r. List the prime factors of j.
3
Suppose 4*c - 3 = 17. Suppose p - c = 4*o, -p + 5 = -0*p + 4*o. Suppose -5*f + 176 = 3*z, -p*f + 3*z - 38 = -232. What are the prime factors of f?
37
Suppose 118 = 3*c + 2*o - 1289, c = 2*o + 461. What are the prime factors of c?
467
Let f = -18 + 18. Suppose 3*n + 1 + 47 = f. Let r = -5 - n. List the prime factors of r.
11
Let h(i) = 2*i**2 + 11*i - 14. Let l be h(-7). Let v(q) = q**3 - 3*q**2 + q - 3. Let k be v(3). Suppose 8*c - l*c - 70 = k. List the prime factors of c.
2, 5, 7
Suppose -2*n + 141 = -9. What are the prime factors of (n/9)/(6/54)?
3, 5
Let p(w) = 2*w**2 + 4*w + 12. Let l be p(-6). Suppose -k + l = -6*m + 7*m, -5*m + 3*k = -276. List the prime factors of m.
3, 19
Let f(a) = a**2 + a + 1. Let z(k) = -31*k**2 + 3*k + 2. Let h(c) = 4*f(c) - z(c). What are the prime factors of h(-1)?
2, 3
Let s(q) = -q**2 - 1. Let z(g) = -4*g**3 - 4*g**2 - 5. Let m(y) = 4*s(y) - z(y). Let u be m(-1). What are the prime factors of 1 - (3/u + 0)?
2
Suppose 0 = -5*t + 505 + 590. Let s = 326 - t. What are the prime factors of s?
107
Suppose 5*a = -3*q + 19, 0*q - 28 = -4*a + 4*q. Suppose -5*i = -5*y + 55, 4*i - 25 = -2*y + a*i. What are the prime factors of y?
2, 7
Let q(y) = -y**2 + 29*y + 119. What are the prime factors of q(21)?
7, 41
Suppose -2*q + 3*m = 9 - 33, 26 = q - 5*m. Suppose -35 - 19 = -q*z. What are the prime factors of z?
3
Let j = 5 - 3. Let b(t) be the third derivative of t**6/60 + t**5/20 - t**4/12 + t**3/2 + t**2. List the prime factors of b(j).
3
Let g = 125 + 267. List the prime factors of g.
2, 7
Let c(l) = -l**2 + 20*l - 34. Let f be (3 - 6) + 0 - -70. Suppose -f = -5*a + 13. List the prime factors of c(a).
2, 3, 5
Let g = 2246 + -1451. What are the prime factors of g?
3, 5, 53
Let h(b) = -5*b**2 - 4*b - 1. Let l(p) = p**2 + p. Let j(q) = -h(q) - 4*l(q). What are the prime factors of j(4)?
17
Suppose 2*i = -b - 14, i - 34 = 4*b + 4. Let w = 12 + b. What are the prime factors of w?
2
Suppose 9 - 1 = -2*o, 4*o + 26 = 2*h. Let l(z) = -z**3 + 8*z**2 + 6*z + 2. List the prime factors of l(h).
107
Let j be (3/(-2))/((-3)/4). Suppose 0 = -3*i - 4*p + 12, -5*p + 1 = 2*i - 0. Let z = i - j. What are the prime factors of z?
2, 3
What are the prime factors of (11508/(-112))/((-2)/16*2)?
3, 137
Let z(o) = 26*o + 91. List the prime factors of z(4).
3, 5, 13
Let t(x) = 7*x - 25. Let d be t(4). Suppose -i = d*g - 748, -1019 - 246 = -5*g + 2*i. List the prime factors of g.
251
Suppose 3*y + 28*w - 32*w + 78 = 0, -4*y - 2*w = 82. Let u = -85 - 197. List the prime factors of (-4)/y + u/(-22).
13
Suppose 0*w - 5*g = -w + 1406, 0 = 4*w + 3*g - 5555. What are the prime factors of w?
13, 107
Let p(q) = q**2 + 1. Let i be p(-3). Suppose -i*a + 3 = -9*a. Suppose -2*d = -3*v + 81, -d = a*d. List the prime factors of v.
3
Suppose -1274 - 712 = -6*a. List the prime factors of a.
331
Let v(q) = 7*q**2 - 13*q + 3. Let w(i) = -3*i**2 + 6*i - 1. Let m(t) = 4*v(t) + 9*w(t). Let o be m(-5). List the prime factors of (o - 1) + 1 + 0.
2, 3
Let u = -136 - -46. List the prime factors of 146/((-5)/(u/12)).
3, 73
Let z(t) = -t**3 + 3*t**2 + 3*t + 6. Let v be z(4). Suppose 2*f - 200 = 5*y, 0 = -4*f - v*y + y + 422. What are the prime factors of f?
3, 5, 7
Suppose -4*d + 14 = 3*x, 5*x + 19 = 2*d - 1. Suppose 126 = 3*v + 2*g + 8, -11 = -v + d*g. What are the prime factors of v?
2, 3
Let a(k) = k**3 - 10*k**2 - k + 12. Let u be a(10). Suppose -u*w + y = 2*y - 216, -2*y + 326 = 3*w. List the prime factors of w.
2, 53
Let q = -19 + 49. Let s = q - 30. List the prime factors of 81 + (s - -6)/(-3).
79
Suppose -7*d + 4*d = 0. Suppose -84 = -d*s + s. List the prime factors of 2/(-7) + (-1872)/s.
2, 11
Suppose 0 = 11*c - 24*c + 8879. List the prime factors of c.
683
Let o = 1492 - 585. What are the prime factors of o?
907
Suppose 5975 = 4*c - u - 6928, -2*c + 6464 = 2*u. What are the prime factors of c?
7, 461
Let u(d) = -4*d - 14. Let f be u(-5). Let i be 31 - 4*(-1)/2. List the prime factors of i*2/f - 4.
7
Let h be (-291)/(-2) + (-8)/80*5. Suppose 14*n - 19*n = -h. What are the prime factors of n?
29
Suppose o = 2*o. Suppose a - 12 = 2*b + 22, o = 4*a + 4*b - 148. What are the prime factors of a?
2, 3
Let j(z) = -4*z + 53. Let l(q) = -q - 14. Let x be l(-8). What are the prime factors of j(x)?
7, 11
Let j(m) = -m**2 + 21*m - 28. Let q be j(16). Suppose 4*g + 4*f = q, f + f + 4 = g. List the prime factors of g.
2, 5
List the prime factors of (37*1)/((-23)/(-46)).
2, 37
Let o(q) = 2*q**3 - 7*q**2 - 8*q + 1. Let j(i) = i*